mon factor of 4530 and 152?
2
Calculate the greatest common factor of 12430 and 2002.
22
Calculate the highest common factor of 528664 and 24.
8
What is the greatest common factor of 170 and 3047335?
85
What is the highest common divisor of 1509594 and 42?
6
Calculate the highest common divisor of 34684 and 368.
92
Calculate the greatest common factor of 99 and 1629430.
11
What is the highest common divisor of 20 and 4824?
4
Calculate the highest common factor of 32 and 15305104.
16
What is the highest common factor of 1810 and 2?
2
What is the highest common divisor of 570 and 27480?
30
Calculate the highest common factor of 75542 and 214.
214
What is the highest common factor of 75485 and 620?
155
What is the greatest common factor of 51017 and 1003?
17
What is the greatest common factor of 16480 and 112?
16
What is the greatest common divisor of 784 and 7808?
16
Calculate the greatest common factor of 1202201 and 286.
143
What is the greatest common factor of 25967 and 46?
23
What is the greatest common factor of 2 and 9656?
2
What is the highest common divisor of 2775 and 117105?
555
What is the highest common factor of 6 and 12288?
6
What is the greatest common divisor of 42987 and 7?
7
Calculate the highest common factor of 1955241 and 801.
801
What is the greatest common divisor of 33184 and 912?
16
Calculate the highest common factor of 8773 and 38205.
283
What is the highest common factor of 86 and 2715493?
43
What is the greatest common factor of 25 and 40675?
25
What is the highest common divisor of 30 and 679870?
10
What is the highest common factor of 13529 and 83?
83
What is the highest common factor of 309 and 46556?
103
Calculate the highest common factor of 7 and 1578857.
7
Calculate the highest common factor of 247318 and 62.
62
Calculate the greatest common divisor of 205100 and 28.
28
What is the greatest common factor of 26 and 1829854?
26
What is the highest common factor of 10 and 5355930?
10
Calculate the greatest common divisor of 32460 and 420.
60
Calculate the highest common factor of 1742251 and 14.
7
Calculate the greatest common divisor of 357895 and 465.
155
What is the greatest common divisor of 44991 and 459?
9
What is the greatest common divisor of 115024 and 21056?
112
Calculate the greatest common factor of 1408 and 548416.
704
Calculate the highest common factor of 48490 and 1300.
130
Calculate the highest common factor of 2094365 and 910.
455
What is the greatest common factor of 1314 and 10692?
18
Calculate the highest common factor of 122152 and 8.
8
What is the highest common factor of 62 and 11275?
1
Calculate the highest common divisor of 4529 and 45937.
647
What is the greatest common divisor of 68 and 57069?
17
Calculate the highest common divisor of 30125 and 39500.
125
What is the greatest common factor of 1332 and 1329?
3
What is the highest common factor of 374 and 944163?
187
What is the greatest common factor of 88 and 47176?
8
What is the highest common divisor of 19166 and 31598?
518
What is the greatest common factor of 2648 and 448?
8
What is the highest common divisor of 182 and 50934?
26
What is the highest common divisor of 19 and 743584?
19
What is the highest common divisor of 835 and 5678?
167
What is the highest common factor of 9 and 231969?
3
What is the highest common divisor of 20410 and 4010?
10
Calculate the highest common divisor of 366 and 258274.
122
Calculate the greatest common divisor of 2364 and 318.
6
What is the greatest common divisor of 2185 and 3335?
115
What is the greatest common factor of 21829 and 1315?
263
Calculate the highest common divisor of 250 and 32275.
25
What is the highest common divisor of 207 and 927981?
207
What is the highest common divisor of 1269 and 13?
1
Calculate the greatest common divisor of 543 and 21901.
181
What is the highest common factor of 1135380 and 60?
60
Calculate the highest common divisor of 11358275 and 25.
25
Calculate the greatest common factor of 59794 and 70.
14
Calculate the highest common divisor of 24045 and 42.
21
Calculate the greatest common divisor of 8150 and 2.
2
What is the greatest common divisor of 901 and 14893?
53
Calculate the highest common factor of 360 and 86985.
45
Calculate the highest common factor of 1490 and 20925560.
1490
What is the highest common divisor of 2432700 and 100?
100
What is the greatest common factor of 194839 and 1?
1
Calculate the greatest common divisor of 1405 and 395.
5
Calculate the highest common factor of 698 and 2574.
2
Calculate the highest common divisor of 11 and 93247.
11
What is the highest common factor of 19 and 4109643?
19
What is the highest common factor of 2 and 170652?
2
Calculate the highest common factor of 6145 and 205.
5
Calculate the greatest common factor of 21924 and 114156.
756
What is the greatest common divisor of 480 and 152985?
15
Calculate the greatest common factor of 177 and 13353.
3
What is the highest common factor of 9 and 5720886?
9
What is the highest common divisor of 5472 and 79857?
171
Calculate the greatest common factor of 13988 and 807.
269
Calculate the highest common divisor of 51 and 71943.
3
What is the highest common factor of 298957 and 1544?
193
Calculate the highest common divisor of 7062 and 46134.
66
Calculate the highest common divisor of 444906 and 1284.
642
Calculate the greatest common factor of 43 and 2053164.
43
What is the greatest common divisor of 5850 and 32526?
234
Calculate the highest common factor of 304 and 28367.
19
Calculate the greatest common divisor of 1645 and 2695.
35
Calculate the greatest common factor of 167567 and 305.
61
What is the highest common factor of 195 and 3167697?
39
What is the highest common divisor of 132 and 120252?
132
What is the greatest common divisor of 1300 and 36?
4
Calculate the greatest common divisor of 2086 and 40390.
14
Calculate the highest common divisor of 11872 and 2268.
28
Calculate the highest common factor of 29 and 90161.
29
What is the highest common divisor of 10 and 2127190?
10
Calculate the greatest common divisor of 47945 and 150525.
1115
Calculate the greatest common divisor of 22781 and 152.
19
Calculate the highest common divisor of 77308 and 308.
308
What is the greatest common divisor of 296 and 513856?
296
What is the greatest common factor of 436145 and 190?
95
What is the greatest common divisor of 22 and 4330?
2
What is the highest common divisor of 46224 and 444?
12
What is the highest common factor of 1341029 and 181?
181
What is the greatest common factor of 282732 and 12?
12
Calculate the highest common divisor of 1300 and 2041780.
260
What is the highest common factor of 22 and 1402?
2
What is the highest common factor of 15617 and 69?
23
What is the greatest common divisor of 1360 and 143735?
85
Calculate the greatest common factor of 2581 and 6525.
29
Calculate the greatest common divisor of 288016 and 32.
16
What is the highest common factor of 406106 and 38?
38
What is the highest common divisor of 1365 and 2523?
3
Calculate the greatest common factor of 468 and 5829876.
468
What is the greatest common divisor of 713659 and 19?
19
What is the greatest common divisor of 4860 and 838836?
972
What is the highest common factor of 26 and 1779518?
26
Calculate the highest common divisor of 364 and 1403311.
91
What is the highest common divisor of 13000 and 320?
40
Calculate the highest common factor of 398019 and 7059.
543
Calculate the greatest common divisor of 858075 and 673.
673
Calculate the greatest common divisor of 50 and 3477700.
50
What is the greatest common factor of 234 and 203229?
117
What is the greatest common divisor of 496 and 354547?
31
Calculate the greatest common factor of 38790 and 195.
15
What is the highest common divisor of 47625 and 1875?
375
Calculate the highest common divisor of 293310 and 540.
90
What is the greatest common divisor of 60 and 2481324?
12
Calculate the highest common factor of 238 and 3519187.
119
Calculate the greatest common divisor of 42 and 71764.
14
Calculate the greatest common factor of 24 and 283968.
24
Calculate the highest common factor of 3844972 and 4.
4
Calculate the greatest common divisor of 3534 and 2166.
114
What is the greatest common factor of 13650 and 3640?
910
What is the greatest